{"id":27,"date":"2023-12-07T04:34:54","date_gmt":"2023-12-07T04:34:54","guid":{"rendered":"https:\/\/wordpress.themeholy.com\/mediax\/?page_id=27"},"modified":"2024-07-23T08:57:08","modified_gmt":"2024-07-23T08:57:08","slug":"iletisim","status":"publish","type":"page","link":"https:\/\/devasacekim.com\/?page_id=27","title":{"rendered":"\u0130leti\u015fim"},"content":{"rendered":"\t\t<div data-elementor-type=\"wp-page\" data-elementor-id=\"27\" class=\"elementor elementor-27\">\n\t\t\t\t<div class=\"elementor-element elementor-element-d80898f e-flex e-con-boxed e-con e-parent\" data-id=\"d80898f\" data-element_type=\"container\">\n\t\t\t\t\t<div class=\"e-con-inner\">\n\t\t\r\n\t\t<div class=\"elementor-element elementor-element-1568df7 elementor-widget elementor-widget-mediaxcontactinfo\" data-id=\"1568df7\" data-element_type=\"widget\" data-widget_type=\"mediaxcontactinfo.default\">\n\t\t\t\t<div class=\"elementor-widget-container\">\n\t\t\t<div class=\"row gy-4\"><div class=\"col-xl-4 col-md-6\"><div class=\"location-card \"><h3 class=\"box-title title\">T\u00fcrkiye<\/h3><p class=\"footer-info\"><i class=\"far fa-location-dot\"><\/i>\u0130zmir \/ Bornova \/ T\u00fcrkiye<\/p><p class=\"footer-info\"><i class=\"far fa-envelope\"><\/i><a href=\"mailto:info@devasacekim.com\" class=\"info-box_link\">info@devasacekim.com<\/a><\/p><p class=\"footer-info\"><i class=\"far fa-phone\"><\/i><a href=\"tel:+905324495379\" class=\"info-box_link\">+90 532 449 53 79<\/a><\/p><\/div><div class=\"contact-feature\"><div  class=\"box-icon\"><i class=\"far fa-clock\"><\/i><\/div><div class=\"media-body\"><h3 class=\"box-title\">\u00c7al\u0131\u015fma Saatlerimiz<\/h3><p class=\"box-text\">Pazartesi - Cumartesi : 09:00 - 18:00<\/p><p class=\"box-schedule\">Pazar - Kapal\u0131<\/p><\/div><\/div><\/div><div class=\"col-xl-4 col-md-6\"><div class=\"location-card active\"><h3 class=\"box-title title\">\u0130ngiltere<\/h3><p class=\"footer-info\"><i class=\"far fa-location-dot\"><\/i>Londra \/ \u0130ngiltere<\/p><p class=\"footer-info\"><i class=\"far fa-envelope\"><\/i><a href=\"mailto:info@devasacekim.com\" class=\"info-box_link\">info@devasacekim.com<\/a><\/p><p class=\"footer-info\"><i class=\"far fa-phone\"><\/i><a href=\"tel:+905324495379\" class=\"info-box_link\">+90 532 449 53 79<\/a><\/p><\/div><div class=\"contact-feature\"><div  class=\"box-icon\"><i class=\"far fa-clock\"><\/i><\/div><div class=\"media-body\"><h3 class=\"box-title\">\u00c7al\u0131\u015fma Saatlerimiz<\/h3><p class=\"box-text\">Pazartesi - Cuma 09:00 - 18:00<\/p><p class=\"box-schedule\">Pazar : Kapal\u0131<\/p><\/div><\/div><\/div><div class=\"col-xl-4 col-md-6\"><div class=\"location-card \"><h3 class=\"box-title title\">Arabistan<\/h3><p class=\"footer-info\"><i class=\"far fa-location-dot\"><\/i>Arabistan \/ Cidde<\/p><p class=\"footer-info\"><i class=\"far fa-envelope\"><\/i><a href=\"mailto:info@devasacekim.com\" class=\"info-box_link\">info@devasacekim.com<\/a><\/p><p class=\"footer-info\"><i class=\"far fa-phone\"><\/i><a href=\"tel:+905324495379\" class=\"info-box_link\">+90 532 449 53 79<\/a><\/p><\/div><div class=\"contact-feature\"><div  class=\"box-icon\"><i class=\"far fa-clock\"><\/i><\/div><div class=\"media-body\"><h3 class=\"box-title\">\u00c7al\u0131\u015fma Saatlerimiz<\/h3><p class=\"box-text\">Pazartesi - Cuma : 09:00 - 18:00<\/p><p class=\"box-schedule\">Pazar : Kapal\u0131<\/p><\/div><\/div><\/div><\/div>\t\t<\/div>\n\t\t\t\t<\/div>\n\t\t\t\t\t<\/div>\n\t\t\t\t<\/div>\n\t\t<div class=\"elementor-element elementor-element-c6139f6 e-flex e-con-boxed e-con e-parent\" data-id=\"c6139f6\" data-element_type=\"container\">\n\t\t\t\t\t<div class=\"e-con-inner\">\n\t\t\t\t<div class=\"elementor-element elementor-element-2779947 elementor-widget elementor-widget-mediaxcontactform\" data-id=\"2779947\" data-element_type=\"widget\" data-widget_type=\"mediaxcontactform.default\">\n\t\t\t\t<div class=\"elementor-widget-container\">\n\t\t\t<div class=\"contact-form ajax-contact bg\" data-bg-src=\"https:\/\/wordpress.themeholy.com\/mediax\/wp-content\/uploads\/2023\/12\/contact_form_bg.png\"><div class=\"input-wrap\"><h2 class=\"sec-title title\">M\u00fc\u015fteri Hizmetleri<\/h2>\n<div class=\"wpcf7 no-js\" id=\"wpcf7-f1877-o1\" lang=\"en-US\" dir=\"ltr\">\n<div class=\"screen-reader-response\"><p role=\"status\" aria-live=\"polite\" aria-atomic=\"true\"><\/p> <ul><\/ul><\/div>\n<form action=\"\/index.php?rest_route=%2Fwp%2Fv2%2Fpages%2F27#wpcf7-f1877-o1\" method=\"post\" class=\"wpcf7-form init\" aria-label=\"Contact form\" novalidate=\"novalidate\" data-status=\"init\">\n<div style=\"display: none;\">\n<input type=\"hidden\" name=\"_wpcf7\" value=\"1877\" \/>\n<input type=\"hidden\" name=\"_wpcf7_version\" value=\"5.9.6\" \/>\n<input type=\"hidden\" name=\"_wpcf7_locale\" value=\"en_US\" \/>\n<input type=\"hidden\" name=\"_wpcf7_unit_tag\" value=\"wpcf7-f1877-o1\" \/>\n<input type=\"hidden\" name=\"_wpcf7_container_post\" value=\"0\" \/>\n<input type=\"hidden\" name=\"_wpcf7_posted_data_hash\" value=\"\" \/>\n<\/div>\n<div class=\"row\">\n    <div class=\"form-group col-12\">\n<span class=\"wpcf7-form-control-wrap\" data-name=\"text-657\"><input size=\"40\" maxlength=\"80\" class=\"wpcf7-form-control wpcf7-text wpcf7-validates-as-required form-control\" aria-required=\"true\" aria-invalid=\"false\" placeholder=\"Your Name\" value=\"\" type=\"text\" name=\"text-657\" \/><\/span>\n        <i class=\"fal fa-user\"><\/i>\n    <\/div>\n    <div class=\"form-group col-12\">\n<span class=\"wpcf7-form-control-wrap\" data-name=\"email-840\"><input size=\"40\" maxlength=\"80\" class=\"wpcf7-form-control wpcf7-email wpcf7-validates-as-required wpcf7-text wpcf7-validates-as-email form-control\" aria-required=\"true\" aria-invalid=\"false\" placeholder=\"Email Address\" value=\"\" type=\"email\" name=\"email-840\" \/><\/span>\n        <i class=\"fal fa-envelope\"><\/i>\n    <\/div>\n    <div class=\"form-group col-12\">\n<span class=\"wpcf7-form-control-wrap\" data-name=\"number-159\"><input class=\"wpcf7-form-control wpcf7-number wpcf7-validates-as-required wpcf7-validates-as-number form-control\" aria-required=\"true\" aria-invalid=\"false\" placeholder=\"Phone number\" value=\"\" type=\"number\" name=\"number-159\" \/><\/span>\n        <i class=\"fal fa-phone\"><\/i>\n    <\/div>\n    <div class=\"form-group col-12\">\n<span class=\"wpcf7-form-control-wrap\" data-name=\"menu-721\"><select class=\"wpcf7-form-control wpcf7-select wpcf7-validates-as-required form-select nice-select\" id=\"subject\" aria-required=\"true\" aria-invalid=\"false\" name=\"menu-721\"><option value=\"Choose Subject\">Choose Subject<\/option><option value=\"Make Appointment\">Make Appointment<\/option><option value=\"General Inquiry\">General Inquiry<\/option><option value=\"Medicine Help\">Medicine Help<\/option><option value=\"Consultation\">Consultation<\/option><\/select><\/span>\n        <i class=\"fal fa-chevron-down\"><\/i>\n    <\/div>\n    <div class=\"form-group col-12\">\n<span class=\"wpcf7-form-control-wrap\" data-name=\"textarea-839\"><textarea cols=\"40\" rows=\"10\" maxlength=\"400\" class=\"wpcf7-form-control wpcf7-textarea wpcf7-validates-as-required form-control\" id=\"message\" aria-required=\"true\" aria-invalid=\"false\" placeholder=\"Type Appointment Note...\" name=\"textarea-839\"><\/textarea><\/span>\n        <i class=\"fal fa-pencil\"><\/i>\n    <\/div>\n    <div class=\"form-btn col-12\">\n        <button class=\"th-btn btn-fw wpcf7\">BOOK AN APPOINTMENT<\/button>\n    <\/div>\n<\/div>\n<p class=\"form-messages mb-0 mt-3\"><\/p><div class=\"wpcf7-response-output\" aria-hidden=\"true\"><\/div>\n<\/form>\n<\/div>\n<\/div><\/div>\t\t<\/div>\n\t\t\t\t<\/div>\n\t\t\t\t\t<\/div>\n\t\t\t\t<\/div>\n\t\t<div class=\"elementor-element elementor-element-ba742ec e-con-full e-flex e-con e-parent\" data-id=\"ba742ec\" data-element_type=\"container\">\n\t\t\t\t<div class=\"elementor-element elementor-element-1b3fc60 elementor-widget elementor-widget-google_maps\" data-id=\"1b3fc60\" data-element_type=\"widget\" data-widget_type=\"google_maps.default\">\n\t\t\t\t<div class=\"elementor-widget-container\">\n\t\t\t<style>\/*! elementor - v3.22.0 - 26-06-2024 *\/\n.elementor-widget-google_maps .elementor-widget-container{overflow:hidden}.elementor-widget-google_maps .elementor-custom-embed{line-height:0}.elementor-widget-google_maps iframe{height:300px}<\/style>\t\t<div class=\"elementor-custom-embed\">\n\t\t\t<iframe loading=\"lazy\"\n\t\t\t\t\tsrc=\"https:\/\/maps.google.com\/maps?q=Bornova%20%C4%B0zmir&#038;t=m&#038;z=13&#038;output=embed&#038;iwloc=near\"\n\t\t\t\t\ttitle=\"Bornova \u0130zmir\"\n\t\t\t\t\taria-label=\"Bornova \u0130zmir\"\n\t\t\t><\/iframe>\n\t\t<\/div>\n\t\t\t\t<\/div>\n\t\t\t\t<\/div>\n\t\t\t\t<\/div>\n\t\t\t\t<\/div>\n\t\t","protected":false},"excerpt":{"rendered":"<p>T\u00fcrkiye \u0130zmir \/ Bornova \/ T\u00fcrkiye info@devasacekim.com +90 532 449 53 79 \u00c7al\u0131\u015fma Saatlerimiz Pazartesi &#8211; Cumartesi : 09:00 &#8211; 18:00 Pazar &#8211; Kapal\u0131 \u0130ngiltere Londra \/ \u0130ngiltere info@devasacekim.com +90 532 449 53 79 \u00c7al\u0131\u015fma Saatlerimiz Pazartesi &#8211; Cuma 09:00 &#8211; 18:00 Pazar : Kapal\u0131 Arabistan Arabistan \/ Cidde info@devasacekim.com +90 532 449 53 79&#8230;<\/p>\n","protected":false},"author":1,"featured_media":0,"parent":0,"menu_order":0,"comment_status":"closed","ping_status":"closed","template":"template-builder.php","meta":{"_monsterinsights_skip_tracking":false,"_monsterinsights_sitenote_active":false,"_monsterinsights_sitenote_note":"","_monsterinsights_sitenote_category":0,"footnotes":""},"class_list":["post-27","page","type-page","status-publish","hentry"],"aioseo_notices":[],"_links":{"self":[{"href":"https:\/\/devasacekim.com\/index.php?rest_route=\/wp\/v2\/pages\/27","targetHints":{"allow":["GET"]}}],"collection":[{"href":"https:\/\/devasacekim.com\/index.php?rest_route=\/wp\/v2\/pages"}],"about":[{"href":"https:\/\/devasacekim.com\/index.php?rest_route=\/wp\/v2\/types\/page"}],"author":[{"embeddable":true,"href":"https:\/\/devasacekim.com\/index.php?rest_route=\/wp\/v2\/users\/1"}],"replies":[{"embeddable":true,"href":"https:\/\/devasacekim.com\/index.php?rest_route=%2Fwp%2Fv2%2Fcomments&post=27"}],"version-history":[{"count":4,"href":"https:\/\/devasacekim.com\/index.php?rest_route=\/wp\/v2\/pages\/27\/revisions"}],"predecessor-version":[{"id":3106,"href":"https:\/\/devasacekim.com\/index.php?rest_route=\/wp\/v2\/pages\/27\/revisions\/3106"}],"wp:attachment":[{"href":"https:\/\/devasacekim.com\/index.php?rest_route=%2Fwp%2Fv2%2Fmedia&parent=27"}],"curies":[{"name":"wp","href":"https:\/\/api.w.org\/{rel}","templated":true}]}}